0 + 1/2*o**2. Give r(-4).
-3
Let x(j) = 31*j - 23. Let l(c) = -9*c + 8. Let u(z) = 7*l(z) + 2*x(z). Suppose 13*b - 24 = 12*b. Suppose 2*v + 2*v - b = 0. What is u(v)?
4
Let q(o) = -o**2 - 2*o + 1. Let z be 3/(7/(280/15)). Suppose 4*j = 2*w - 108, z = 2*w - 4*w. Let r = 25 + j. What is q(r)?
-7
Let u be 18*((-2)/6)/(20 + -19). Let d(z) be the second derivative of -z**3/6 + z**2/2 + 6*z. Give d(u).
7
Suppose 0 = -5*p + 10*t - 6*t, 5*p - 3*t + 7 - 2 = 0. Let u(o) be the third derivative of o**6/120 + o**5/12 + o**4/24 + o**3/6 + o**2. Calculate u(p).
13
Suppose -6153*q - 160 = -6121*q. Suppose 3 - 5 = -g. Let a(w) = w**2 - 1 - w**3 + 0*w**g - 6*w**2. What is a(q)?
-1
Let r(u) = -2*u**3 + u**2 + u - 1. Suppose 3*v - 168 = -2*j + 13, 98 = j + 4*v. Let o = j - 86. Let f be 28/(-7)*(-2)/4 + o. What is r(f)?
-11
Suppose 0 = -3*n + 4*n - 9. Let q(f) = -67*f**2 + 10*f + 12. Let l(i) = 22*i**2 - i + 1. Let c(w) = 3*l(w) + q(w). Give c(n).
-3
Suppose 8 = 2*k - 150. Let o = 82 - k. Let a(f) = 6 + o*f - 16 + 12. Determine a(2).
8
Suppose 96*f - 215*f = -99*f + 40. Let n(r) = -29*r. Calculate n(f).
58
Let k(m) be the second derivative of m**4/12 - m**3/2 - 3*m**2/2 - 2*m. Let t(o) = o**3 + 19*o**2 + 71*o - 36. Let f be t(-6). What is k(f)?
15
Let b(h) = 2*h + 11 - h + 5 - h**2. Let f = -7423 - -7423. What is b(f)?
16
Let c(a) = -2*a**2 - 27*a + 10. Let s be c(0). Let r(y) = -2*y + 16. Let l(m) = 4*m - 33. Let b(w) = -3*l(w) - 5*r(w). Determine b(s).
-1
Let q(t) = -2*t - 2*t - 1 + 0 - 5*t. Suppose -6 = s + 2*c - 1, 2*c + 17 = 3*s. Suppose -2*i + 2 = -3*r - 2, -10 = -5*i + s*r. Determine q(i).
-19
Let c(b) = b + 6. Let u(t) be the first derivative of t**2/2 - 2499. Suppose 2 = 2*n + 6. Let y(a) = n*u(a) + c(a). Give y(-5).
11
Let x(f) = -f + 2. Let o(y) = 16*y + 14. Let c be o(-1). Let w(h) = -h - 1. Let q(u) = c*w(u) + 3*x(u). What is q(5)?
3
Let n(s) be the first derivative of 2*s + 143 - 1/2*s**2. Give n(4).
-2
Let y = -1520 + 1509. Let t(q) = 3*q + 36. Give t(y).
3
Let p be 15 + -4 + (-32)/2. Let o(x) = -2*x**2 + 2*x. Determine o(p).
-60
Let p(n) = -60*n - 4. Let o(z) = 21*z + 1. Let h(l) = 17*o(l) + 6*p(l). Calculate h(7).
-28
Suppose -7*j = 7*j + 5*j. Suppose -m + 5 + j = 4*q, q + m + 1 = 0. Let t(s) = 9*s - 3. What is t(q)?
15
Let s(o) = -o**3 + 33*o**2 + 12*o + 5. Let c(l) = -2*l**3 + l**2 - 6*l + 1. Let k(g) = -3*c(g) - s(g). What is k(5)?
-3
Let l(g) = -g**2 + 5*g + 24. Let h = 2862 + -2855. What is l(h)?
10
Let l(r) = -12*r - 594. Let w be l(-49). Let x(g) = -2*g - 4. Give x(w).
8
Let r(i) = -i**2 + 5*i + 7. Let k be r(6). Let d(g) = 20*g**2 + 3*g - 18. Let y(z) = -30*z**2 - 5*z + 29. Let s(o) = 8*d(o) + 5*y(o). Give s(k).
10
Let r = -125 - -9. Let d = r - -128. Suppose 27*s - 30*s = -d. Let h(v) = v**3 - 3*v**2 - 2. Calculate h(s).
14
Let a(b) = -3*b - 29. Let o = -43 + 42. Let s(w) = 1. Let n(q) = o*a(q) - 3*s(q). Let z be n(-11). Let h(g) = -g**2 - 8*g - 2. What is h(z)?
5
Let m(j) = -44*j - 138. Let y(k) = 2*k + 26. Let c(g) = m(g) + 5*y(g). Calculate c(-5).
162
Let g = 207 + -203. Let s(n) = 3748*n**2 + 2*n + 1 - 3746*n**2 - 6*n**3 - g*n. What is s(1)?
-5
Suppose 2*x - 2 = -2*r, -5*x + 28 + 4 = -4*r. Let j(n) be the second derivative of -1/20*n**5 + 12*n - 1/2*n**2 + 0 - 1/6*n**3 + 1/3*n**x. Determine j(4).
-5
Let t = 2 - 7. Let l = 178 - 174. Let v(f) = 863 - l*f**2 - 856 + 6*f + 5*f**2. Calculate v(t).
2
Let g(b) = b**3 + 11. Let u(k) = -3*k - 6. Let n(o) = -3*o**2 - 6*o - 2. Let t be 1 + (-20)/6 + 7/21. Let f be n(t). Let s be u(f). What is g(s)?
11
Let l(i) be the third derivative of -19*i**4/24 - 10*i**3/3 + i**2 - 31*i + 5. What is l(3)?
-77
Let v(m) = -7*m + 15*m + 8 - 4*m - 2*m. Let p(z) = -z - 1. Let r(k) = -4*p(k) - v(k). What is r(3)?
2
Let h(d) = d**2 - 20*d + 18. Suppose 0 = 21*a + 2503 - 2902. What is h(a)?
-1
Suppose 0 = 13*t - 2591 + 628. Let f = -146 + t. Let k(a) = a - 6. Give k(f).
-1
Suppose 4*v = -3*y + 20, 3*y - 4*y = -4*v + 36. Let q = 12 - v. Let i = q + -6. Let r(o) = -4*o. What is r(i)?
8
Let b(i) = -3*i + 23. Let m(t) = -2*t**3 - 19*t**2 + 10*t + 5. Let c be m(-10). Calculate b(c).
8
Suppose 7*o = 3*o - 12. Let b(j) = 6*j - 44. Let c(w) = 3*w**2 - 16*w. Let s be c(4). Let h(t) = 2*t - 14. Let x(k) = s*h(k) + 5*b(k). Calculate x(o).
10
Let r(m) = 24 + 16 + 16 - 58 - 5*m. Determine r(-12).
58
Let i(a) = a**3 + 5*a**2 - 5*a + 5. Suppose 0*w - 3*w + 485 = -2*j, j + 247 = -3*w. Let t = -250 - j. Give i(t).
-1
Let o(k) be the third derivative of k**8/2240 - k**7/2520 + k**6/720 - k**5/30 + 5*k**4/8 + 171*k**2. Let s(q) be the third derivative of o(q). Calculate s(1).
8
Let f(m) = 3*m - 21. Let n(p) = 69 - 130 - p + 67. Let v(j) = -5*f(j) - 18*n(j). What is v(3)?
6
Let p be 4*1/((-2)/2). Let g(r) = 3107 - 1544 + 4*r - 1546. What is g(p)?
1
Let t(p) = -p**3 + p**2 + 2*p - 9. Let z be t(2). Let a(u) = -u**3 - 9*u**2 - 2*u - 16. What is a(z)?
2
Suppose -r + 5*h + 9 + 18 = 0, 3*h + 69 = 5*r. Let c(p) = -p + 25. Let o be c(r). Suppose t + 9 = o. Let j(z) = -z**2 + 3*z + 2. What is j(t)?
-2
Let p = -206472 + 206471. Let r(i) = 3*i**2 - 6*i + 5. Let j(y) = -y**2 + y - 1. Let s(x) = 5*j(x) + r(x). Give s(p).
-1
Let u(i) = -i**2 + 5*i - 2. Let b be u(5). Let q(c) be the first derivative of 35 + 836*c**2 - 160 - 1680*c**2 + 843*c**2. Determine q(b).
4
Let b(p) be the third derivative of p**5/20 + 7*p**4/24 + p**3 + 2032*p**2. Give b(-3).
12
Suppose 2*f - 10 = -2*i, -57*i - 17 = -5*f - 60*i. Let w(y) = -y + 4 + 0 - 2 + 11 - f. Give w(7).
5
Let d(t) = t**2 - 4*t - 40. Let s(z) = z + 26. Let m be s(-17). Give d(m).
5
Let x = -29 - -22. Let l(v) be the first derivative of 2*v**3/3 + 11*v**2/2 + 9*v - 2450. Give l(x).
30
Let d(a) be the second derivative of a**5/20 + 2*a**4/3 + a**3 + a**2 - 69*a. Let f = -681 + 674. Determine d(f).
9
Let m(s) be the first derivative of -15*s**2/2 + 3*s - 170. Let a be m(0). Let i(z) = -2*z**3 + 4*z**2. Give i(a).
-18
Suppose 0 = -22*q + 6324 + 3202. Let a = q - 438. Let i(r) = r**3 + 4*r**2 - 2*r + 1. Give i(a).
-14
Suppose 0*y + 2*y - 20 = 0. Let c(a) = 9*a - 6*a**2 + 3*a**3 - 2*a**3 + 6*a - y*a. Let p = 13 + -8. Determine c(p).
0
Let y(t) = -36*t - 8 - 142 + 9*t. What is y(-5)?
-15
Let d(z) = z**2 + 6*z. Let x(f) = 9*f + 230. Let g be x(-25). Suppose 3*y = -2*i - 5, -g*i = -y + 6*y + 5. What is d(y)?
-9
Let n(v) = v**2 - 49*v + 16. Let j = 6403 + -6354. Calculate n(j).
16
Let c(a) = a + 7. Suppose 0 = -5*u - 2*i + 17, 15 = -u - i + 16. Let q = -22 + 42. Suppose -4*r - u*w - q = 0, -3*w = r + 5 + 7. Calculate c(r).
7
Let p(n) = -n**2 - 5*n + 8. Let d(r) = r**2 + 10*r - 6. Let b be d(-11). Suppose 0*g - 2*g - 180 = 3*l, 3*l - 408 = b*g. Let s = g - -77. Calculate p(s).
-6
Let s = -362 + 389. Let f(w) = -3*w**2 + 80*w + 20. What is f(s)?
-7
Let t be 3 - 4/6*36/48*(2 - 6). Let i(m) be the third derivative of -m**6/120 + m**5/20 + m**4/8 - m**3/2 - m**2. Calculate i(t).
-38
Let f(a) be the third derivative of -a**5/30 - 5*a**4/24 - a**3/3 + 339*a**2. Let b be (-26)/10 + (-4)/10. Give f(b).
-5
Let f be 5/2*(19 - 1111/55). Let r(v) = -3*v**3 + 3*v**2 - 2*v + 7. Give r(f).
121
Let w(b) = b**3 + b**2 - 4*b + 3. Let h be w(2). Let r(c) = 49*c + 3 - 83*c + 33*c + 6. What is r(h)?
2
Let p(r) be the third derivative of -r**4/6 + 10*r**3/3 - 1717*r**2. Determine p(14).
-36
Suppose -2*b + 12 = -6*b, -5*r = -b - 38. Let d(f) = -f**3 - 13*f**2 + f + 19. Let c be d(-13). Let x(n) = 0 + c*n - n**2 - r*n - 9 - 1. Determine x(0).
-10
Let x(d) = 6*d - 28. Let z = 56 - 51. Let u be x(z). Suppose 3*a + u = 2*a. Let t(r) = -r - 1. Calculate t(a).
1
Suppose 0 = 5*x - 10*x - 1410. Let n = 187 + x. Let m = n - -95. Let r(h) = -h**3 - 1. Give r(m).
-1
Let v(t) = -t**3 + 0*t**2 - 6 + 3*t**2 + 2*t + 0*t**2. Suppose -732 = -532*h + 1396. What is v(h)?
-14
Let o(d) = -2*d**3 + 2*d + 1. Let c = 11598 - 11674. Suppose 0 = -3*m + m - 150. Let v = c - m. What is o(v)?
1
Let k(o) be the first derivative of o**4/4 - 5*o**3/3 - 3*o**2 - 2*o + 1045. Suppose -6 = -3*t + 4*m, -3*t + m + 16 - 1 = 0. Give k(t).
-2
Let t(y) = -5 - 698*y - 3 + 1389*y - 699*y + 11. What is t(-2)?
19
Let t = -20 - -19. Let w = t + -4. Let j(y) be the third derivative of -y**5/60 - 5*y**4/24 - 5*y**3/6 - 29*y**2. Give j(w).
-5
Let r be ((-5)/3 + 1)*6. Let x(g) = -